 prime?
True
Is 311130667 composite?
False
Is 804625403 composite?
False
Is 10397940419 composite?
False
Is 1827050549 a composite number?
False
Is 2330834087 a composite number?
False
Is 394942579 prime?
False
Is 513615023 a composite number?
False
Is 2593017391 a composite number?
False
Is 35762159179 a prime number?
True
Is 4125098237 a composite number?
True
Is 1717273487 a composite number?
False
Is 23007299111 prime?
True
Is 1357404927 a prime number?
False
Is 6886614149 prime?
False
Is 4819333061 composite?
False
Is 5342124373 prime?
True
Is 4984207231 a composite number?
False
Is 449966471 prime?
False
Is 11355252313 composite?
False
Is 147089269 a prime number?
True
Is 84650455963 a prime number?
True
Is 509365567 a prime number?
False
Is 1348031477 prime?
False
Is 14072692111 composite?
True
Is 11060843597 a composite number?
True
Is 6323834497 prime?
True
Is 565860433 composite?
True
Is 216804515441 a composite number?
False
Is 14926725673 composite?
True
Is 616237229 composite?
True
Is 33889997803 a composite number?
False
Is 180068281 prime?
True
Is 7587778327 a prime number?
True
Is 1735993139 prime?
True
Is 53089501 a composite number?
True
Is 2330989433 composite?
True
Is 5307205247 a composite number?
False
Is 65397580763 a prime number?
True
Is 6663223741 composite?
True
Is 28558887781 a composite number?
False
Is 30700157 prime?
True
Is 571950539 a composite number?
False
Is 1664923763 prime?
True
Is 182032951 a composite number?
False
Is 587911979 composite?
False
Is 428823601 prime?
False
Is 1968731309 a prime number?
True
Is 117729420139 prime?
True
Is 5227981387 composite?
False
Is 1036699751 a composite number?
True
Is 855992209 composite?
False
Is 8604876065 prime?
False
Is 1094861707 a composite number?
True
Is 970722343 a composite number?
True
Is 491424061 a prime number?
True
Is 7577222713 a composite number?
False
Is 207407273 composite?
False
Is 10985777947 a composite number?
False
Is 12598617211 composite?
False
Is 786475999 a prime number?
True
Is 1010410697 a composite number?
False
Is 16892635009 composite?
True
Is 4912445215 a composite number?
True
Is 17873541451 a prime number?
True
Is 941501350315 composite?
True
Is 948850099 a composite number?
False
Is 31343515183 composite?
True
Is 527267887 a composite number?
False
Is 2192936923 a composite number?
False
Is 135886279955 prime?
False
Is 2559950597 prime?
True
Is 1804012643 prime?
True
Is 23631580111 a prime number?
True
Is 32467993 composite?
False
Is 1366885813 a prime number?
False
Is 244864159 a composite number?
False
Is 9216122159 a composite number?
True
Is 6433603793 a prime number?
True
Is 1907501177 composite?
False
Is 1288139123 a composite number?
False
Is 4791914251 composite?
True
Is 5455738059 a prime number?
False
Is 2950645349 a composite number?
False
Is 9162467 a composite number?
False
Is 168890781871 composite?
True
Is 102675733 composite?
True
Is 599157719 composite?
True
Is 182366077 a composite number?
True
Is 2675109413 prime?
True
Is 355271221 a prime number?
False
Is 6919082041 a prime number?
True
Is 761190781 a prime number?
False
Is 32383488731 prime?
False
Is 130539503 prime?
True
Is 1697540639 prime?
True
Is 156504057029 a composite number?
False
Is 1030223921 a prime number?
False
Is 288962861 prime?
False
Is 69234479 composite?
False
Is 7023211787 composite?
False
Is 947624173 prime?
False
Is 3342381137 prime?
False
Is 960993749 a prime number?
True
Is 7418409143 composite?
False
Is 6008166526 a composite number?
True
Is 57375683 a composite number?
False
Is 659191121 a prime number?
False
Is 5983869043 composite?
False
Is 1661581069 composite?
True
Is 414955483 a prime number?
True
Is 2636708513 a composite number?
False
Is 943757081 a composite number?
True
Is 66523421 a composite number?
True
Is 4046917411 composite?
True
Is 76300992085 composite?
True
Is 10864806145 a composite number?
True
Is 10876045061 composite?
True
Is 1663578091 composite?
True
Is 2815000901 composite?
False
Is 4341202951 prime?
False
Is 7605173617 a composite number?
True
Is 12901962379 prime?
True
Is 4001541701 a prime number?
False
Is 79803484919 a composite number?
True
Is 244523789 a composite number?
True
Is 2142327211 composite?
True
Is 203146667657 prime?
False
Is 138186193 composite?
False
Is 50602993 prime?
False
Is 1374508507 a prime number?
False
Is 38848254509 prime?
True
Is 8845549561 a composite number?
False
Is 1263781807 prime?
False
Is 113114773 a prime number?
False
Is 6327401833 a prime number?
True
Is 368279699 a prime number?
True
Is 1232113367 prime?
False
Is 17391817 a composite number?
True
Is 20496400273 composite?
True
Is 310848659 composite?
True
Is 185213807 a composite number?
True
Is 2973985607 composite?
True
Is 28895659081 prime?
True
Is 67877310547 a composite number?
False
Is 169103882 a prime number?
False
Is 2469998113 a prime number?
False
Is 4742117203 prime?
False
Is 636215579 composite?
True
Is 411750037 a composite number?
False
Is 1292514583 a composite number?
False
Is 30854727311 a prime number?
True
Is 161239847 composite?
True
Is 5626166306 prime?
False
Is 249186211 a composite number?
True
Is 37190776561 a composite number?
True
Is 110817881977 prime?
False
Is 7874240909 prime?
True
Is 1108968209 composite?
True
Is 45361751893 prime?
True
Is 56782711493 prime?
True
Is 443089013 prime?
False
Is 264054347 composite?
False
Is 66824655523 a composite number?
True
Is 13793908291 a composite number?
False
Is 273609449 prime?
False
Is 31916659497 a prime number?
False
Is 2629453559 prime?
True
Is 295452533 a composite number?
False
Is 43325392043 prime?
False
Is 731204057 prime?
False
Is 27511327777 a prime number?
True
Is 723185483 a prime number?
True
Is 285009281 prime?
False
Is 734050039 prime?
True
Is 955641857 a composite number?
False
Is 1545135749 a composite number?
False
Is 7127304773 a prime number?
False
Is 8161275533 a prime number?
True
Is 3396759943 composite?
True
Is 2671693331 composite?
False
Is 204647839 prime?
False
Is 6684038183 composite?
True
Is 58078734343 composite?
True
Is 1378220747 a composite number?
False
Is 3999208747 a composite number?
True
Is 2146615223 a composite number?
True
Is 430883873 a prime number?
False
Is 1926911509 a prime number?
False
Is 1933580899 composite?
True
Is 308385457 a prime number?
False
Is 494920271 composite?
False
Is 409847551 a prime number?
False
Is 783821189 prime?
False
Is 638020767 composite?
True
Is 5982592907 prime?
True
Is 1176135053 a prime number?
False
Is 6304435471 prime?
False
Is 630540083 composite?
False
Is 19935961 prime?
False
Is 67537853 composite?
True
Is 232923159019 prime?
False
Is 104814260021 prime?
False
Is 17634321391 composite?
True
Is 7259801363 composite?
True
Is 9617546041 composite?
False
Is 5086213063 a prime number?
True
Is 474203999 a composite number?
False
Is 127373371 a prime number?
True
Is 141877701281 a prime number?
True
Is 170943973107 a prime number?
False
Is 11226980059 prime?
True
Is 195938387 a composite number?
False
Is 5301065501 prime?
True
Is 608841323 composite?
True
Is 439624243 a prime number?
True
Is 484194329 composite?
True
Is 65662700993 a prime number?
True
Is 5187614071 prime?
True
Is 1558512674 composite?
True
Is 16646633569 prime?
True
Is 408618251 composite?
False
Is 3085983157 prime?
False
Is 147067648973 a prime number?
False
Is 97687268279 a composite number?
False
Is 7472866273 a composite number?
True
Is 371211137 a prime number?
False
Is 621901969 a composite number?
True
Is 24780277813 a composite number?
True
Is 29297304341 a prime number?
True
Is 5682550967 a composite number?
False
Is 5429574421 composite?
False
Is 26008564969 a composite number?
False
Is 320183100467 prime?
False
Is 3442747153 composite?
True
Is 448390549 a composite number?
True
Is 1969642517 prime?
True
Is 8425876873 composite?
False
Is 532871737 a prime number?
False
Is 27049749671 prime?
False
Is 59872546843 a prime number?
True
Is 238362881273 a composite number?
True
Is 1006022033 a composite number?
False
Is 14045653 prime?
False
Is 199615246979 a prime number?
True
Is 62326545245 a composite number?
True
Is 4481692297 composite?
True
Is 163415634959 composite?
True
Is 545685247 composite?
Fa